{"id":876,"date":"2026-02-16T10:38:22","date_gmt":"2026-02-16T09:38:22","guid":{"rendered":"https:\/\/www.ngp-lausitzerseenland.de\/cms\/?page_id=876"},"modified":"2026-03-11T09:37:26","modified_gmt":"2026-03-11T08:37:26","slug":"impressum","status":"publish","type":"page","link":"https:\/\/www.ngp-lausitzerseenland.de\/cms\/impressum\/","title":{"rendered":"Impressum"},"content":{"rendered":"\n<p><strong>Naturschutzgro\u00dfprojekt Lausitzer Seenland gGmbH<\/strong><\/p>\n\n\n\n<p>Am Anger 36 |&nbsp;02979 Elsterheide-Bergen<\/p>\n\n\n\n<p><strong>Telefon:<\/strong>&nbsp;03571\/604850 |&nbsp;<strong>Fax:<\/strong>&nbsp;03571\/604851<\/p>\n\n\n\n<p><strong>Mail:<\/strong>&nbsp;<a href=\"mailto:alexander.harter@ngp-lausitzerseenland.de\">alexander.harter@ngp-lausitzerseenland.de<\/a><\/p>\n\n\n\n<p>Amtsgericht Dresden, HRB 20295<\/p>\n\n\n\n<p>StNr. 213\/113\/02822<\/p>\n\n\n\n<p><strong>Gesch\u00e4ftsf\u00fchrer:<\/strong>\u00a0Dr. Alexander Harter |\u00a0<strong>Gesellschaftsvorsitzender:<\/strong>\u00a0Udo Witschas i. V. Antje Gasterst\u00e4dt<\/p>\n\n\n\n<p><strong>Verantwortlich f\u00fcr die Inhalte:<\/strong>&nbsp;Dr. Alexander Harter<\/p>\n\n\n\n<p><strong>Technische und grafische Realisierung:<\/strong><\/p>\n\n\n\n<p>webdesign cottbus &#8211; Ulrich T\u00f6lzer<\/p>\n\n\n\n<p>Thiemstr. 135 | 03048 Cottbus<\/p>\n\n\n\n<p><strong>E-Mail:<\/strong>&nbsp;<a href=\"mailto:post@toelzer.de\">post@toelzer.de<\/a>&nbsp;|&nbsp;<strong>Internet:&nbsp;<\/strong><a href=\"http:\/\/www.ulrich-toelzer.de\/index.php\" target=\"_blank\" rel=\"noreferrer noopener\">www.webdesign-cottbus.de<\/a><\/p>\n\n\n\n<p><strong>Bildnachweis:<\/strong><br>Bildarchiv Lausitzer Seenland Gemeinn\u00fctzige GmbH, LfULG: Altas Farn- u. Samenpflanzen Sachsen, Archiv LfULG, Archiv LfULG Thoma\u00df, Marko Zischewski, Ulrich T\u00f6lzer, David Menzhausen, Elfi Malz<a href=\"http:\/\/www.ulrich-toelzer.de\/index.php\"><\/a><\/p>\n\n\n\n<div class=\"wp-block-uagb-container uagb-block-e51836b3 alignfull uagb-is-root-container\"><div class=\"uagb-container-inner-blocks-wrap\">\n<div class=\"wp-block-uagb-separator uagb-block-1a6936a1\"><div class=\"wp-block-uagb-separator__inner\" style=\"--my-background-image:\"><\/div><\/div>\n<\/div><\/div>\n\n\n\n<p><\/p>\n","protected":false},"excerpt":{"rendered":"<p>Naturschutzgro\u00dfprojekt Lausitzer Seenland gGmbH Am Anger 36 |&nbsp;02979 Elsterheide-Bergen Telefon:&nbsp;03571\/604850 |&nbsp;Fax:&nbsp;03571\/604851 Mail:&nbsp;alexander.harter@ngp-lausitzerseenland.de Amtsgericht Dresden, HRB 20295 StNr. 213\/113\/02822 Gesch\u00e4ftsf\u00fchrer:\u00a0Dr. Alexander [&hellip;]<\/p>\n","protected":false},"author":1,"featured_media":0,"parent":0,"menu_order":0,"comment_status":"closed","ping_status":"closed","template":"","meta":{"_uag_custom_page_level_css":"","site-sidebar-layout":"default","site-content-layout":"","ast-site-content-layout":"default","site-content-style":"default","site-sidebar-style":"default","ast-global-header-display":"","ast-banner-title-visibility":"","ast-main-header-display":"","ast-hfb-above-header-display":"","ast-hfb-below-header-display":"","ast-hfb-mobile-header-display":"","site-post-title":"","ast-breadcrumbs-content":"","ast-featured-img":"","footer-sml-layout":"","ast-disable-related-posts":"","theme-transparent-header-meta":"","adv-header-id-meta":"","stick-header-meta":"","header-above-stick-meta":"","header-main-stick-meta":"","header-below-stick-meta":"","astra-migrate-meta-layouts":"default","ast-page-background-enabled":"default","ast-page-background-meta":{"desktop":{"background-color":"var(--ast-global-color-5)","background-image":"","background-repeat":"repeat","background-position":"center center","background-size":"auto","background-attachment":"scroll","background-type":"","background-media":"","overlay-type":"","overlay-color":"","overlay-opacity":"","overlay-gradient":""},"tablet":{"background-color":"","background-image":"","background-repeat":"repeat","background-position":"center center","background-size":"auto","background-attachment":"scroll","background-type":"","background-media":"","overlay-type":"","overlay-color":"","overlay-opacity":"","overlay-gradient":""},"mobile":{"background-color":"","background-image":"","background-repeat":"repeat","background-position":"center center","background-size":"auto","background-attachment":"scroll","background-type":"","background-media":"","overlay-type":"","overlay-color":"","overlay-opacity":"","overlay-gradient":""}},"ast-content-background-meta":{"desktop":{"background-color":"var(--ast-global-color-4)","background-image":"","background-repeat":"repeat","background-position":"center center","background-size":"auto","background-attachment":"scroll","background-type":"","background-media":"","overlay-type":"","overlay-color":"","overlay-opacity":"","overlay-gradient":""},"tablet":{"background-color":"var(--ast-global-color-4)","background-image":"","background-repeat":"repeat","background-position":"center center","background-size":"auto","background-attachment":"scroll","background-type":"","background-media":"","overlay-type":"","overlay-color":"","overlay-opacity":"","overlay-gradient":""},"mobile":{"background-color":"var(--ast-global-color-4)","background-image":"","background-repeat":"repeat","background-position":"center center","background-size":"auto","background-attachment":"scroll","background-type":"","background-media":"","overlay-type":"","overlay-color":"","overlay-opacity":"","overlay-gradient":""}},"footnotes":""},"class_list":["post-876","page","type-page","status-publish","hentry"],"spectra_custom_meta":{"surerank_seo_checks":["a:14:{s:14:\"h2_subheadings\";a:3:{s:6:\"status\";s:7:\"warning\";s:7:\"message\";s:45:\"Die Seite enth\u00e4lt keine Unter\u00fcberschriften.\";s:4:\"type\";s:4:\"page\";}s:13:\"media_present\";a:3:{s:6:\"status\";s:7:\"warning\";s:7:\"message\";s:51:\"Keine Bilder oder Videos auf dieser Seite gefunden.\";s:4:\"type\";s:4:\"page\";}s:13:\"links_present\";a:3:{s:6:\"status\";s:7:\"success\";s:7:\"message\";s:35:\"Links sind auf der Seite vorhanden.\";s:4:\"type\";s:4:\"page\";}s:10:\"url_length\";a:3:{s:6:\"status\";s:7:\"success\";s:7:\"message\";s:46:\"Die URL der Seite ist kurz und SEO-freundlich.\";s:4:\"type\";s:4:\"page\";}s:19:\"search_engine_title\";a:3:{s:6:\"status\";s:7:\"success\";s:7:\"message\";s:62:\"Der Titel der Suchmaschine ist vorhanden und unter 60 Zeichen.\";s:4:\"type\";s:4:\"page\";}s:25:\"search_engine_description\";a:3:{s:6:\"status\";s:7:\"success\";s:7:\"message\";s:70:\"Die Beschreibung der Suchmaschine ist vorhanden und unter 160 Zeichen.\";s:4:\"type\";s:4:\"page\";}s:13:\"canonical_url\";a:3:{s:6:\"status\";s:7:\"success\";s:7:\"message\";s:47:\"Das kanonische Tag ist auf der Seite vorhanden.\";s:4:\"type\";s:4:\"page\";}s:15:\"open_graph_tags\";a:3:{s:6:\"status\";s:7:\"success\";s:7:\"message\";s:45:\"Open Graph-Tags sind auf der Seite vorhanden.\";s:4:\"type\";s:4:\"page\";}s:16:\"keyword_in_title\";a:3:{s:6:\"status\";s:10:\"suggestion\";s:7:\"message\";s:64:\"Kein Fokus-Schl\u00fcsselwort zum Analysieren des Titels festgelegt.\";s:4:\"type\";s:7:\"keyword\";}s:22:\"keyword_in_description\";a:3:{s:6:\"status\";s:10:\"suggestion\";s:7:\"message\";s:75:\"Kein Fokus-Schl\u00fcsselwort zum Analysieren der Meta-Beschreibung festgelegt.\";s:4:\"type\";s:7:\"keyword\";}s:14:\"keyword_in_url\";a:3:{s:6:\"status\";s:10:\"suggestion\";s:7:\"message\";s:61:\"Kein Fokus-Schl\u00fcsselwort zum Analysieren der URL festgelegt.\";s:4:\"type\";s:7:\"keyword\";}s:18:\"keyword_in_content\";a:3:{s:6:\"status\";s:10:\"suggestion\";s:7:\"message\";s:65:\"Kein Fokus-Schl\u00fcsselwort zum Analysieren des Inhalts festgelegt.\";s:4:\"type\";s:7:\"keyword\";}s:12:\"broken_links\";a:2:{s:6:\"status\";s:7:\"success\";s:7:\"message\";s:44:\"Keine defekten Links auf der Seite gefunden.\";}s:9:\"all_links\";a:1:{i:0;s:38:\"http:\/\/www.ulrich-toelzer.de\/index.php\";}}"],"surerank_seo_checks_last_updated":["1773218246"],"_cdp_origin":["864","743","282"],"_cdp_origin_site":["-1"],"_cdp_origin_title":[" Freiwilligendienste #[Counter]"],"_cdp_counter":["2"],"_edit_last":["1"],"_edit_lock":["1773218262:1"],"_uag_css_file_name":["uag-css-876.css"],"_uag_page_assets":["a:9:{s:3:\"css\";s:10924:\".wp-block-uagb-container{display:flex;position:relative;box-sizing:border-box;transition-property:box-shadow;transition-duration:0.2s;transition-timing-function:ease}.wp-block-uagb-container .spectra-container-link-overlay{bottom:0;left:0;position:absolute;right:0;top:0;z-index:10}.wp-block-uagb-container.uagb-is-root-container{margin-left:auto;margin-right:auto}.wp-block-uagb-container.alignfull.uagb-is-root-container .uagb-container-inner-blocks-wrap{display:flex;position:relative;box-sizing:border-box;margin-left:auto !important;margin-right:auto !important}.wp-block-uagb-container .wp-block-uagb-blockquote,.wp-block-uagb-container .wp-block-spectra-pro-login,.wp-block-uagb-container .wp-block-spectra-pro-register{margin:unset}.wp-block-uagb-container .uagb-container__video-wrap{height:100%;width:100%;top:0;left:0;position:absolute;overflow:hidden;-webkit-transition:opacity 1s;-o-transition:opacity 1s;transition:opacity 1s}.wp-block-uagb-container .uagb-container__video-wrap video{max-width:100%;width:100%;height:100%;margin:0;line-height:1;border:none;display:inline-block;vertical-align:baseline;-o-object-fit:cover;object-fit:cover;background-size:cover}.wp-block-uagb-container.uagb-layout-grid{display:grid;width:100%}.wp-block-uagb-container.uagb-layout-grid>.uagb-container-inner-blocks-wrap{display:inherit;width:inherit}.wp-block-uagb-container.uagb-layout-grid>.uagb-container-inner-blocks-wrap>.wp-block-uagb-container{max-width:unset !important;width:unset !important}.wp-block-uagb-container.uagb-layout-grid>.wp-block-uagb-container{max-width:unset !important;width:unset !important}.wp-block-uagb-container.uagb-layout-grid.uagb-is-root-container{margin-left:auto;margin-right:auto}.wp-block-uagb-container.uagb-layout-grid.uagb-is-root-container>.wp-block-uagb-container{max-width:unset !important;width:unset !important}.wp-block-uagb-container.uagb-layout-grid.alignwide.uagb-is-root-container{margin-left:auto;margin-right:auto}.wp-block-uagb-container.uagb-layout-grid.alignfull.uagb-is-root-container .uagb-container-inner-blocks-wrap{display:inherit;position:relative;box-sizing:border-box;margin-left:auto !important;margin-right:auto !important}body .wp-block-uagb-container>.uagb-container-inner-blocks-wrap>*:not(.wp-block-uagb-container):not(.wp-block-uagb-column):not(.wp-block-uagb-container):not(.wp-block-uagb-section):not(.uagb-container__shape):not(.uagb-container__video-wrap):not(.wp-block-spectra-pro-register):not(.wp-block-spectra-pro-login):not(.uagb-slider-container):not(.spectra-image-gallery__control-lightbox):not(.wp-block-uagb-info-box),body .wp-block-uagb-container>.uagb-container-inner-blocks-wrap,body .wp-block-uagb-container>*:not(.wp-block-uagb-container):not(.wp-block-uagb-column):not(.wp-block-uagb-container):not(.wp-block-uagb-section):not(.uagb-container__shape):not(.uagb-container__video-wrap):not(.wp-block-spectra-pro-register):not(.wp-block-spectra-pro-login):not(.uagb-slider-container):not(.spectra-container-link-overlay):not(.spectra-image-gallery__control-lightbox):not(.wp-block-uagb-lottie):not(.uagb-faq__outer-wrap){min-width:unset !important;width:100%;position:relative}body .ast-container .wp-block-uagb-container>.uagb-container-inner-blocks-wrap>.wp-block-uagb-container>ul,body .ast-container .wp-block-uagb-container>.uagb-container-inner-blocks-wrap>.wp-block-uagb-container ol,body .ast-container .wp-block-uagb-container>.uagb-container-inner-blocks-wrap>ul,body .ast-container .wp-block-uagb-container>.uagb-container-inner-blocks-wrap ol{max-width:-webkit-fill-available;margin-block-start:0;margin-block-end:0;margin-left:20px}.ast-plain-container .editor-styles-wrapper .block-editor-block-list__layout.is-root-container .uagb-is-root-container.wp-block-uagb-container.alignwide{margin-left:auto;margin-right:auto}.uagb-container__shape{overflow:hidden;position:absolute;left:0;width:100%;line-height:0;direction:ltr}.uagb-container__shape-top{top:-3px}.uagb-container__shape-bottom{bottom:-3px}.uagb-container__shape.uagb-container__invert.uagb-container__shape-bottom,.uagb-container__shape.uagb-container__invert.uagb-container__shape-top{-webkit-transform:rotate(180deg);-ms-transform:rotate(180deg);transform:rotate(180deg)}.uagb-container__shape.uagb-container__shape-flip svg{transform:translateX(-50%) rotateY(180deg)}.uagb-container__shape svg{display:block;width:-webkit-calc(100% + 1.3px);width:calc(100% + 1.3px);position:relative;left:50%;-webkit-transform:translateX(-50%);-ms-transform:translateX(-50%);transform:translateX(-50%)}.uagb-container__shape .uagb-container__shape-fill{-webkit-transform-origin:center;-ms-transform-origin:center;transform-origin:center;-webkit-transform:rotateY(0deg);transform:rotateY(0deg)}.uagb-container__shape.uagb-container__shape-above-content{z-index:9;pointer-events:none}.nv-single-page-wrap .nv-content-wrap.entry-content .wp-block-uagb-container.alignfull{margin-left:calc(50% - 50vw);margin-right:calc(50% - 50vw)}@media only screen and (max-width: 767px){.wp-block-uagb-container .wp-block-uagb-advanced-heading{width:-webkit-fill-available}}.wp-block-uagb-image--align-none{justify-content:center}\n.wp-block-uagb-separator{text-align:center;box-sizing:border-box;line-height:0}.wp-block-uagb-separator__inner{display:inline-block}.wp-block-uagb-separator:not(.wp-block-uagb-separator--text):not(.wp-block-uagb-separator--icon) .wp-block-uagb-separator__inner{border-top-style:solid;-webkit-mask:var(--my-background-image);-webkit-mask-size:38px 100%;-webkit-mask-repeat:repeat-x}.wp-block-uagb-separator--text .wp-block-uagb-separator__inner,.wp-block-uagb-separator--icon .wp-block-uagb-separator__inner{display:flex;justify-content:center;align-items:center;margin:0 auto}.wp-block-uagb-separator--text .wp-block-uagb-separator__inner::before,.wp-block-uagb-separator--icon .wp-block-uagb-separator__inner::before{display:block;content:\"\";border-bottom:0;flex-grow:1;border-top-color:#333;border-top-style:solid;-webkit-mask:var(--my-background-image);-webkit-mask-size:38px 100%;-webkit-mask-repeat:repeat-x}.wp-block-uagb-separator--text .wp-block-uagb-separator__inner::after,.wp-block-uagb-separator--icon .wp-block-uagb-separator__inner::after{display:block;content:\"\";border-bottom:0;flex-grow:1;border-top-color:#333;border-top-style:solid;-webkit-mask:var(--my-background-image);-webkit-mask-size:38px 100%;-webkit-mask-repeat:repeat-x}.wp-block-uagb-separator--icon .wp-block-uagb-separator-element svg{font-size:30px;color:#333;fill:#333;width:30px;height:30px;line-height:30px;max-width:none}.wp-block-uagb-separator--text .wp-block-uagb-separator-element .uagb-html-tag{word-break:initial;margin:0}\n.wp-block-uagb-container.uagb-block-e51836b3 .uagb-container__shape-top svg{width: calc( 100% + 1.3px );}.wp-block-uagb-container.uagb-block-e51836b3 .uagb-container__shape.uagb-container__shape-top .uagb-container__shape-fill{fill: rgba(51,51,51,1);}.wp-block-uagb-container.uagb-block-e51836b3 .uagb-container__shape-bottom svg{width: calc( 100% + 1.3px );}.wp-block-uagb-container.uagb-block-e51836b3 .uagb-container__shape.uagb-container__shape-bottom .uagb-container__shape-fill{fill: rgba(51,51,51,1);}.wp-block-uagb-container.uagb-block-e51836b3 .uagb-container__video-wrap video{opacity: 1;}.wp-block-uagb-container.uagb-is-root-container .uagb-block-e51836b3{max-width: 100%;width: 100%;}.wp-block-uagb-container.uagb-is-root-container.alignfull.uagb-block-e51836b3 > .uagb-container-inner-blocks-wrap{--inner-content-custom-width: min( 100%, 1400px);max-width: var(--inner-content-custom-width);width: 100%;flex-direction: column;align-items: center;justify-content: center;flex-wrap: nowrap;row-gap: 10px;column-gap: 10px;}.wp-block-uagb-container.uagb-block-e51836b3{box-shadow: 0px 0px   #00000070 ;padding-top: 10px;padding-bottom: 10px;padding-left: 10px;padding-right: 10px;margin-top:  !important;margin-bottom:  !important;overflow: visible;order: initial;border-color: inherit;row-gap: 10px;column-gap: 10px;}.uagb-block-1a6936a1.wp-block-uagb-separator{text-align: center;}.uagb-block-1a6936a1.wp-block-uagb-separator--text .wp-block-uagb-separator-element .uagb-html-tag{font-style: normal;line-height: 1em;}.uagb-block-1a6936a1.wp-block-uagb-separator:not(.wp-block-uagb-separator--text):not(.wp-block-uagb-separator--icon) .wp-block-uagb-separator__inner{-webkit-mask-size: 5px 100%;border-top-width: 3px;width: 100%;border-top-color: var(--ast-global-color-2);border-top-style: solid;margin-top: 5px;margin-bottom: 5px;}@media only screen and (max-width: 976px) {.wp-block-uagb-container.uagb-is-root-container .uagb-block-e51836b3{width: 100%;}.wp-block-uagb-container.uagb-is-root-container.alignfull.uagb-block-e51836b3 > .uagb-container-inner-blocks-wrap{--inner-content-custom-width: min( 100%, 1024px);max-width: var(--inner-content-custom-width);width: 100%;}.wp-block-uagb-container.uagb-block-e51836b3{padding-top: 10px;padding-bottom: 10px;padding-left: 10px;padding-right: 10px;margin-top:  !important;margin-bottom:  !important;order: initial;}.uagb-block-1a6936a1.wp-block-uagb-separator{text-align: center;}.uagb-block-1a6936a1.wp-block-uagb-separator--text .wp-block-uagb-separator-element .uagb-html-tag{font-style: normal;margin-bottom: initial;line-height: 1em;}.uagb-block-1a6936a1.wp-block-uagb-separator:not(.wp-block-uagb-separator--text):not(.wp-block-uagb-separator--icon) .wp-block-uagb-separator__inner{-webkit-mask-size: 5px 100%;width: 100%;border-top-color: var(--ast-global-color-2);border-top-style: solid;margin-top: 5px;margin-bottom: 5px;}}@media only screen and (max-width: 767px) {.wp-block-uagb-container.uagb-is-root-container .uagb-block-e51836b3{max-width: 100%;width: 100%;}.wp-block-uagb-container.uagb-is-root-container.alignfull.uagb-block-e51836b3 > .uagb-container-inner-blocks-wrap{--inner-content-custom-width: min( 100%, 767px);max-width: var(--inner-content-custom-width);width: 100%;flex-wrap: wrap;}.wp-block-uagb-container.uagb-block-e51836b3{padding-top: 10px;padding-bottom: 10px;padding-left: 10px;padding-right: 10px;margin-top:  !important;margin-bottom:  !important;order: initial;}.uagb-block-1a6936a1.wp-block-uagb-separator{text-align: center;}.uagb-block-1a6936a1.wp-block-uagb-separator--text .wp-block-uagb-separator-element .uagb-html-tag{font-style: normal;margin-bottom: initial;line-height: 1em;}.uagb-block-1a6936a1.wp-block-uagb-separator:not(.wp-block-uagb-separator--text):not(.wp-block-uagb-separator--icon) .wp-block-uagb-separator__inner{-webkit-mask-size: 5px 100%;width: 100%;border-top-color: var(--ast-global-color-2);border-top-style: solid;margin-top: 5px;margin-bottom: 5px;}}.uag-blocks-common-selector{z-index:var(--z-index-desktop) !important}@media (max-width: 976px){.uag-blocks-common-selector{z-index:var(--z-index-tablet) !important}}@media (max-width: 767px){.uag-blocks-common-selector{z-index:var(--z-index-mobile) !important}}\n\";s:2:\"js\";s:0:\"\";s:18:\"current_block_list\";a:10:{i:0;s:14:\"core\/paragraph\";i:1;s:14:\"uagb\/container\";i:2;s:14:\"uagb\/separator\";i:3;s:11:\"core\/search\";i:4;s:10:\"core\/group\";i:5;s:12:\"core\/heading\";i:6;s:17:\"core\/latest-posts\";i:7;s:20:\"core\/latest-comments\";i:8;s:13:\"core\/archives\";i:9;s:15:\"core\/categories\";}s:8:\"uag_flag\";b:1;s:11:\"uag_version\";s:10:\"1776655111\";s:6:\"gfonts\";a:0:{}s:10:\"gfonts_url\";s:0:\"\";s:12:\"gfonts_files\";a:0:{}s:14:\"uag_faq_layout\";b:0;}"]},"uagb_featured_image_src":{"full":false,"thumbnail":false,"medium":false,"medium_large":false,"large":false,"1536x1536":false,"2048x2048":false},"uagb_author_info":{"display_name":"admin","author_link":"https:\/\/www.ngp-lausitzerseenland.de\/cms\/author\/admin-uli\/"},"uagb_comment_info":0,"uagb_excerpt":"Naturschutzgro\u00dfprojekt Lausitzer Seenland gGmbH Am Anger 36 |&nbsp;02979 Elsterheide-Bergen Telefon:&nbsp;03571\/604850 |&nbsp;Fax:&nbsp;03571\/604851 Mail:&nbsp;alexander.harter@ngp-lausitzerseenland.de Amtsgericht Dresden, HRB 20295 StNr. 213\/113\/02822 Gesch\u00e4ftsf\u00fchrer:\u00a0Dr. Alexander [&hellip;]","_links":{"self":[{"href":"https:\/\/www.ngp-lausitzerseenland.de\/cms\/wp-json\/wp\/v2\/pages\/876","targetHints":{"allow":["GET"]}}],"collection":[{"href":"https:\/\/www.ngp-lausitzerseenland.de\/cms\/wp-json\/wp\/v2\/pages"}],"about":[{"href":"https:\/\/www.ngp-lausitzerseenland.de\/cms\/wp-json\/wp\/v2\/types\/page"}],"author":[{"embeddable":true,"href":"https:\/\/www.ngp-lausitzerseenland.de\/cms\/wp-json\/wp\/v2\/users\/1"}],"replies":[{"embeddable":true,"href":"https:\/\/www.ngp-lausitzerseenland.de\/cms\/wp-json\/wp\/v2\/comments?post=876"}],"version-history":[{"count":3,"href":"https:\/\/www.ngp-lausitzerseenland.de\/cms\/wp-json\/wp\/v2\/pages\/876\/revisions"}],"predecessor-version":[{"id":996,"href":"https:\/\/www.ngp-lausitzerseenland.de\/cms\/wp-json\/wp\/v2\/pages\/876\/revisions\/996"}],"wp:attachment":[{"href":"https:\/\/www.ngp-lausitzerseenland.de\/cms\/wp-json\/wp\/v2\/media?parent=876"}],"curies":[{"name":"wp","href":"https:\/\/api.w.org\/{rel}","templated":true}]}}